{"id":24,"date":"2023-05-01T12:17:55","date_gmt":"2023-05-01T12:17:55","guid":{"rendered":"https:\/\/www.lazansky.cz\/?page_id=24"},"modified":"2023-05-01T20:48:40","modified_gmt":"2023-05-01T20:48:40","slug":"o-nas","status":"publish","type":"page","link":"https:\/\/www.lazansky.cz\/?page_id=24","title":{"rendered":"Pr\u00e1vn\u00ed slu\u017eby"},"content":{"rendered":"\n<p><strong>V\u00e1\u0161 priv\u00e1tn\u00ed advok\u00e1t&#8230;<\/strong><\/p>\n\n\n\n<p>Advokacie je ryze osobn\u00ed slu\u017eba, p\u0159i jej\u00edm\u017e poskytov\u00e1n\u00ed sehr\u00e1v\u00e1 z\u00e1sadn\u00ed roli vztah mezi advok\u00e1tem a klientem. Proto se V\u00e1m a Va\u0161im z\u00e1le\u017eitostem nebude v\u011bnovat nikdo jin\u00fd ne\u017e V\u00e1\u0161 priv\u00e1tn\u00ed advok\u00e1t.<\/p>\n\n\n\n<p><strong>Nejv\u011bt\u0161\u00ed radost\u00ed je V\u00e1\u0161 \u00fasp\u011bch&#8230;<\/strong><\/p>\n\n\n\n<p>&#8230;mimo to v\u0161ak p\u0159i poskytov\u00e1n\u00ed pr\u00e1vn\u00edch slu\u017eeb db\u00e1me na dodr\u017eov\u00e1n\u00ed n\u00ed\u017ee uveden\u00fdch princip\u016f:<\/p>\n\n\n\n<p><strong>\u00a7 Kompetence<\/strong><\/p>\n\n\n\n<p>Na\u0161e advok\u00e1tn\u00ed kancel\u00e1\u0159 poskytuje komplexn\u00ed pr\u00e1vn\u00ed slu\u017eby v oblastech ob\u010dansk\u00e9ho, obchodn\u00edho, insolven\u010dn\u00edho a spr\u00e1vn\u00edho pr\u00e1va v\u010detn\u011b zastupov\u00e1n\u00ed v \u0159\u00edzen\u00edch p\u0159ed v\u0161emi soudy a spr\u00e1vn\u00edmi \u00fa\u0159ady v \u010cR. Zvl\u00e1\u0161tn\u00ed specializac\u00ed je leteck\u00e9 pr\u00e1vo a pr\u00e1vo cestovn\u00edho ruchu.<\/p>\n\n\n\n<p><strong>\u00a7 D\u016fv\u011bryhodnost<\/strong><\/p>\n\n\n\n<p>Zastoup\u00edme V\u00e1s ve v\u011bcech, v nich\u017e se nechcete osobn\u011b anga\u017eovat. V p\u0159\u00edpad\u011b pot\u0159eby pro V\u00e1s provedeme spolehlivou a diskr\u00e9tn\u00ed \u00faschovu finan\u010dn\u00edch prost\u0159edk\u016f \u010di listin.<\/p>\n\n\n\n<p><strong>\u00a7 Efektivita<\/strong><\/p>\n\n\n\n<p>Sna\u017e\u00edme se, aby n\u00e1mi poskytnut\u00e9 pr\u00e1vn\u00ed slu\u017eby byly co mo\u017en\u00e1 nejv\u00edce \u00fa\u010dinn\u00e9, co\u017e vy\u017eaduje individu\u00e1ln\u00ed p\u0159\u00edstup ke ka\u017ed\u00e9mu klientovi a maxim\u00e1ln\u00ed pe\u010dlivost p\u0159i zpracov\u00e1v\u00e1n\u00ed p\u0159\u00edpadu.<\/p>\n\n\n\n<p><strong>\u00a7 Obez\u0159etnost<\/strong><\/p>\n\n\n\n<p>M\u016f\u017ee se V\u00e1m st\u00e1t, \u017ee V\u00e1s budeme odrazovat od zah\u00e1jen\u00ed neperspektivn\u00edho sporu &#8211; nen\u00ed na\u0161\u00edm z\u00e1jmem soudit se za ka\u017edou cenu.<\/p>\n\n\n\n<p><strong>\u00a7 Slu\u0161nost<\/strong><\/p>\n\n\n\n<p>Univerz\u00e1ln\u00ed etick\u00e1 hodnota, kter\u00e1 je hlavn\u00edm mantinelem na\u0161eho p\u016fsoben\u00ed &#8211; u n\u00e1s v\u00edte v\u017edy p\u0159edem, kolik kter\u00e1 pr\u00e1vn\u00ed slu\u017eba stoj\u00ed, nebo\u0165 jste to Vy, kdo rozhoduje.<\/p>\n\n\n\n<p><strong>\u00a7 Dostupnost<\/strong><\/p>\n\n\n\n<p>Poloha s\u00eddla na\u0161\u00ed kancel\u00e1\u0159e v samotn\u00e9m srdci Prahy v ulici Na P\u0159\u00edkop\u011b je z\u00e1rukou bezprobl\u00e9mov\u00e9 dostupnosti automobilem, hromadnou dopravou i p\u011b\u0161ky (nejbli\u017e\u0161\u00ed stanice metra M\u016fstek &#8211; A, C a N\u00e1m\u011bst\u00ed republiky &#8211; B) Domluv\u00edme se s V\u00e1mi t\u00e9\u017e anglicky a n\u011bmecky.<\/p>\n\n\n\n<figure class=\"wp-block-image size-large is-style-rounded\"><img loading=\"lazy\" decoding=\"async\" width=\"1024\" height=\"662\" src=\"https:\/\/www.lazansky.cz\/wp-content\/uploads\/2023\/05\/smartwings-antarktida-2022-1024x662.png\" alt=\"\" class=\"wp-image-63\" srcset=\"https:\/\/www.lazansky.cz\/wp-content\/uploads\/2023\/05\/smartwings-antarktida-2022-1024x662.png 1024w, https:\/\/www.lazansky.cz\/wp-content\/uploads\/2023\/05\/smartwings-antarktida-2022-300x194.png 300w, https:\/\/www.lazansky.cz\/wp-content\/uploads\/2023\/05\/smartwings-antarktida-2022-768x497.png 768w, https:\/\/www.lazansky.cz\/wp-content\/uploads\/2023\/05\/smartwings-antarktida-2022-1536x994.png 1536w, https:\/\/www.lazansky.cz\/wp-content\/uploads\/2023\/05\/smartwings-antarktida-2022-1568x1014.png 1568w, https:\/\/www.lazansky.cz\/wp-content\/uploads\/2023\/05\/smartwings-antarktida-2022.png 1773w\" sizes=\"auto, (max-width: 1024px) 100vw, 1024px\" \/><\/figure>\n\n\n\n<p><strong>Upozorn\u011bn\u00ed pro cestuj\u00edc\u00ed Smartwings Group<\/strong><\/p>\n\n\n\n<p><strong>Neobracejte se, pros\u00edm, na ombudsmana Smartwings Group p\u0159ed t\u00edm, ne\u017e svou reklamaci \u010di n\u00e1rok uplatn\u00edte u p\u0159\u00edslu\u0161n\u00e9 leteck\u00e9 spole\u010dnosti. Ombudsman Smartwings Group nen\u00ed odpov\u011bdn\u00fd za vy\u0159izov\u00e1n\u00ed reklamac\u00ed \u010di \u017e\u00e1dost\u00ed o od\u0161kodn\u011bn\u00ed; nad touto agendou pouze vykon\u00e1v\u00e1 supervizi.<\/strong><\/p>\n\n\n\n<p class=\"has-text-align-center\">____________________________________________<\/p>\n\n\n\n<p><sub><em>V p\u0159\u00edpad\u011b vzniku spot\u0159ebitelsk\u00e9ho sporu mezi advok\u00e1tem a klientem je klient opr\u00e1vn\u011bn podat n\u00e1vrh na mimosoudn\u00ed \u0159e\u0161en\u00ed sporu \u010cesk\u00e9 advok\u00e1tn\u00ed komo\u0159e, N\u00e1rodn\u00ed 16, 110 00 Praha 1, www.cak.cz<\/em><\/sub><\/p>\n","protected":false},"excerpt":{"rendered":"<p>V\u00e1\u0161 priv\u00e1tn\u00ed advok\u00e1t&#8230; Advokacie je ryze osobn\u00ed slu\u017eba, p\u0159i jej\u00edm\u017e poskytov\u00e1n\u00ed sehr\u00e1v\u00e1 z\u00e1sadn\u00ed roli vztah mezi advok\u00e1tem a klientem. Proto se V\u00e1m a Va\u0161im z\u00e1le\u017eitostem nebude v\u011bnovat nikdo jin\u00fd ne\u017e V\u00e1\u0161 priv\u00e1tn\u00ed advok\u00e1t. Nejv\u011bt\u0161\u00ed radost\u00ed je V\u00e1\u0161 \u00fasp\u011bch&#8230; &#8230;mimo to v\u0161ak p\u0159i poskytov\u00e1n\u00ed pr\u00e1vn\u00edch slu\u017eeb db\u00e1me na dodr\u017eov\u00e1n\u00ed n\u00ed\u017ee uveden\u00fdch princip\u016f: \u00a7 Kompetence Na\u0161e advok\u00e1tn\u00ed&hellip; <a class=\"more-link\" href=\"https:\/\/www.lazansky.cz\/?page_id=24\">Pokra\u010dovat ve\u00a0\u010dten\u00ed <span class=\"screen-reader-text\">Pr\u00e1vn\u00ed slu\u017eby<\/span><\/a><\/p>\n","protected":false},"author":1,"featured_media":0,"parent":0,"menu_order":0,"comment_status":"closed","ping_status":"closed","template":"","meta":{"footnotes":""},"class_list":["post-24","page","type-page","status-publish","hentry","entry"],"_links":{"self":[{"href":"https:\/\/www.lazansky.cz\/index.php?rest_route=\/wp\/v2\/pages\/24","targetHints":{"allow":["GET"]}}],"collection":[{"href":"https:\/\/www.lazansky.cz\/index.php?rest_route=\/wp\/v2\/pages"}],"about":[{"href":"https:\/\/www.lazansky.cz\/index.php?rest_route=\/wp\/v2\/types\/page"}],"author":[{"embeddable":true,"href":"https:\/\/www.lazansky.cz\/index.php?rest_route=\/wp\/v2\/users\/1"}],"replies":[{"embeddable":true,"href":"https:\/\/www.lazansky.cz\/index.php?rest_route=%2Fwp%2Fv2%2Fcomments&post=24"}],"version-history":[{"count":16,"href":"https:\/\/www.lazansky.cz\/index.php?rest_route=\/wp\/v2\/pages\/24\/revisions"}],"predecessor-version":[{"id":77,"href":"https:\/\/www.lazansky.cz\/index.php?rest_route=\/wp\/v2\/pages\/24\/revisions\/77"}],"wp:attachment":[{"href":"https:\/\/www.lazansky.cz\/index.php?rest_route=%2Fwp%2Fv2%2Fmedia&parent=24"}],"curies":[{"name":"wp","href":"https:\/\/api.w.org\/{rel}","templated":true}]}}

Právní služby

<p><strong>Váš privátní advokát&#8230;</strong></p>



<p>Advokacie je ryze osobní služba, při jejímž poskytování sehrává zásadní roli vztah mezi advokátem a klientem. Proto se Vám a Vašim záležitostem nebude věnovat nikdo jiný než Váš privátní advokát.</p>



<p><strong>Největší radostí je Váš úspěch&#8230;</strong></p>



<p>&#8230;mimo to však při poskytování právních služeb dbáme na dodržování níže uvedených principů:</p>



<p><strong>§ Kompetence</strong></p>



<p>Naše advokátní kancelář poskytuje komplexní právní služby v oblastech občanského, obchodního, insolvenčního a správního práva včetně zastupování v řízeních před všemi soudy a správními úřady v ČR. Zvláštní specializací je letecké právo a právo cestovního ruchu.</p>



<p><strong>§ Důvěryhodnost</strong></p>



<p>Zastoupíme Vás ve věcech, v nichž se nechcete osobně angažovat. V případě potřeby pro Vás provedeme spolehlivou a diskrétní úschovu finančních prostředků či listin.</p>



<p><strong>§ Efektivita</strong></p>



<p>Snažíme se, aby námi poskytnuté právní služby byly co možná nejvíce účinné, což vyžaduje individuální přístup ke každému klientovi a maximální pečlivost při zpracovávání případu.</p>



<p><strong>§ Obezřetnost</strong></p>



<p>Může se Vám stát, že Vás budeme odrazovat od zahájení neperspektivního sporu &#8211; není naším zájmem soudit se za každou cenu.</p>



<p><strong>§ Slušnost</strong></p>



<p>Univerzální etická hodnota, která je hlavním mantinelem našeho působení &#8211; u nás víte vždy předem, kolik která právní služba stojí, neboť jste to Vy, kdo rozhoduje.</p>



<p><strong>§ Dostupnost</strong></p>



<p>Poloha sídla naší kanceláře v samotném srdci Prahy v ulici Na Příkopě je zárukou bezproblémové dostupnosti automobilem, hromadnou dopravou i pěšky (nejbližší stanice metra Můstek &#8211; A, C a Náměstí republiky &#8211; B) Domluvíme se s Vámi též anglicky a německy.</p>



<figure class="wp-block-image size-large is-style-rounded"><img loading="lazy" decoding="async" width="1024" height="662" src="https://www.lazansky.cz/wp-content/uploads/2023/05/smartwings-antarktida-2022-1024x662.png" alt="" class="wp-image-63" srcset="https://www.lazansky.cz/wp-content/uploads/2023/05/smartwings-antarktida-2022-1024x662.png 1024w, https://www.lazansky.cz/wp-content/uploads/2023/05/smartwings-antarktida-2022-300x194.png 300w, https://www.lazansky.cz/wp-content/uploads/2023/05/smartwings-antarktida-2022-768x497.png 768w, https://www.lazansky.cz/wp-content/uploads/2023/05/smartwings-antarktida-2022-1536x994.png 1536w, https://www.lazansky.cz/wp-content/uploads/2023/05/smartwings-antarktida-2022-1568x1014.png 1568w, https://www.lazansky.cz/wp-content/uploads/2023/05/smartwings-antarktida-2022.png 1773w" sizes="auto, (max-width: 1024px) 100vw, 1024px" /></figure>



<p><strong>Upozornění pro cestující Smartwings Group</strong></p>



<p><strong>Neobracejte se, prosím, na ombudsmana Smartwings Group před tím, než svou reklamaci či nárok uplatníte u příslušné letecké společnosti. Ombudsman Smartwings Group není odpovědný za vyřizování reklamací či žádostí o odškodnění; nad touto agendou pouze vykonává supervizi.</strong></p>



<p class="has-text-align-center">____________________________________________</p>



<p><sub><em>V případě vzniku spotřebitelského sporu mezi advokátem a klientem je klient oprávněn podat návrh na mimosoudní řešení sporu České advokátní komoře, Národní 16, 110 00 Praha 1, www.cak.cz</em></sub></p>

<p>Váš privátní advokát&#8230; Advokacie je ryze osobní služba, při jejímž poskytování sehrává zásadní roli vztah mezi advokátem a klientem. Proto se Vám a Vašim záležitostem nebude věnovat nikdo jiný než Váš privátní advokát. Největší radostí je Váš úspěch&#8230; &#8230;mimo to však při poskytování právních služeb dbáme na dodržování níže uvedených principů: § Kompetence Naše advokátní&hellip; <a class="more-link" href="https://www.lazansky.cz/?page_id=24">Pokračovat ve čtení <span class="screen-reader-text">Právní služby</span></a></p>
